(5).
-3
Let n(d) = -4*d**2 + 5*d - 3. Determine n(3).
-24
Let q(w) = -2*w**3 - 132*w**2 + 136*w + 136. Determine q(-67).
2
Let s(z) = -72*z**2 - 5*z + 7. Give s(1).
-70
Let s(u) = u**3 - 39*u**2 + 77*u - 106. Give s(37).
5
Let y(a) = 7*a + 4. Give y(2).
18
Let w(f) = f**2 + 12*f - 8. Determine w(-13).
5
Let v(w) = w**3 - 2*w**2 - 4*w + 1. Give v(4).
17
Let o(t) = -4*t**2 + 26*t + 3. Give o(7).
-11
Let s(k) = k**3 - 4*k**2 - 11*k - 1. Give s(6).
5
Let h(l) = -15*l + 13. Determine h(6).
-77
Let a(x) = 14*x**3 - 7*x - 2. Calculate a(-2).
-100
Let a(b) = 7*b + 16. Determine a(9).
79
Let v(u) = u**2 - 2*u - 66. Determine v(9).
-3
Let i(j) = 6*j - 23. Determine i(4).
1
Let z(o) = -o**2 + o - 4. Give z(-5).
-34
Let g(c) = 2*c - 8. Give g(0).
-8
Let g(f) = -f**3 - 6*f**2 - 8*f + 2. Determine g(-3).
-1
Let g(b) = -11*b - 121. Determine g(-8).
-33
Let p(j) = j**3 + 10*j**2 + 12*j + 26. Determine p(-9).
-1
Let j(i) = -i + 8. Determine j(-9).
17
Let o(v) = -5*v + 12. Determine o(8).
-28
Let m(w) = -9*w**2 - 4*w + 4. Give m(3).
-89
Let x(w) = w**2 - 7*w - 24. Determine x(10).
6
Let c(a) = a**3 + 7*a**2 + a + 5. Determine c(-7).
-2
Let j(m) = -6*m - 8. Give j(7).
-50
Let n(l) = 121*l + 4. Give n(1).
125
Let c(j) = 2*j**2 - 8*j - 2. Determine c(9).
88
Let n(f) = f**3 + 14*f**2 + 43*f - 4. What is n(-9)?
14
Let u(x) = x - 37. Calculate u(29).
-8
Let k(l) = -l**2 + 7*l - 5. Give k(6).
1
Let g(d) = d**2 + 19*d + 21. Give g(-14).
-49
Let f(q) = 5*q**2 + 3*q - 21. Determine f(3).
33
Let z(l) = l - 7. Calculate z(-5).
-12
Let y(v) = -2*v + 15. Give y(6).
3
Let c(q) = -q - 5. Determine c(-5).
0
Let s(f) = 120*f**3 - f**2. Give s(-1).
-121
Let k(r) = 6*r**2 - 10*r + 9. What is k(1)?
5
Let p(j) = 4*j**2 - 8*j - 4. Give p(8).
188
Let f(j) = -27*j - 176. Determine f(-6).
-14
Let c(m) = m**3 + 8*m**2 + m + 2. Calculate c(-8).
-6
Let f(b) = -32*b + 216. What is f(7)?
-8
Let h(v) = -v**2 + 10*v + 13. Determine h(11).
2
Let j(g) = -6*g - 5. What is j(-5)?
25
Let o(p) = -2*p + 13. Give o(4).
5
Let q(i) = 51*i + 1015. Give q(-20).
-5
Let v(t) = 4*t**2 - 67*t - 8. What is v(17)?
9
Let l(j) = -3*j**3 - j**2 - 2*j - 2. What is l(-1)?
2
Let a(y) = -3*y**2 - 43*y - 13. Give a(-14).
1
Let x(z) = z**2 - 10*z - 8. Calculate x(13).
31
Let l(z) = -4*z**3 - 32*z**2 - z + 18. Determine l(-8).
26
Let z(k) = k**3 - 2*k**2 - k + 1. What is z(-2)?
-13
Let q(h) = 2*h - 45. Determine q(21).
-3
Let y(n) = n**2 - 10*n - 4. Calculate y(7).
-25
Let b(y) = y**3 - 12*y**2 + 12*y + 13. What is b(11)?
24
Let p(t) = -t - 6. Calculate p(-2).
-4
Let m(b) = -144*b - 288. Determine m(-2).
0
Let h(c) = 2*c**2 + 2*c. Give h(-3).
12
Let t(y) = -41*y**2 + 5*y + 6. Calculate t(-1).
-40
Let l(y) = y**2 + y - 4. Determine l(2).
2
Let p(d) = -30*d - 2. Determine p(-1).
28
Let y(u) = -u**2 + 119. Determine y(11).
-2
Let u(n) = -23*n**2 + n - 1. Give u(1).
-23
Let s(g) = -4*g + 11. Calculate s(3).
-1
Let n(t) = 9*t + 6. Determine n(-2).
-12
Let t(z) = z + 24. What is t(-4)?
20
Let g(z) = 8*z**3 - 2*z**2 + 4*z - 3. What is g(2)?
61
Let p(d) = 8*d - 44. What is p(15)?
76
Let u(m) = m**2 - 18*m + 4. Calculate u(18).
4
Let j(w) = -w**3 - 4*w**2 + 6. Determine j(-3).
-3
Let k(s) = 4*s**3 - 3*s**2 + s - 1. Determine k(1).
1
Let k(x) = 19*x**2 - 18*x + 2. What is k(1)?
3
Let s(q) = -q**3 + 3*q**2 - 4*q + 3. Determine s(2).
-1
Let d(n) = -2*n**2 + 2*n + 3. Determine d(3).
-9
Let r(u) = u**3 - 17*u**2 + 15*u - 20. Give r(16).
-36
Let y(h) = 3*h**3 - 4*h**2 - 3*h. Calculate y(3).
36
Let c(s) = 2*s**2 + 8*s + 1. What is c(-2)?
-7
Let y(o) = 6*o - 89. Give y(15).
1
Let m(f) = -f**2 - 4*f + 491. Calculate m(20).
11
Let u(h) = -h**2 - 7*h + 2. Give u(-6).
8
Let b(w) = w**3 + 6*w**2 + 8*w + 6. Calculate b(-6).
-42
Let g(c) = 25*c + 299. What is g(-12)?
-1
Let i(p) = -p**3 + 2*p**2 + p - 4. Calculate i(-3).
38
Let h(m) = -m**3 - 7*m**2 - m + 12. Determine h(-7).
19
Let g(y) = y**3 - 16*y**2 + 38*y - 157. Give g(14).
-17
Let z(k) = -k**3 - 1. What is z(-2)?
7
Let g(p) = -p**3 - 13*p**2 + 14*p + 2. What is g(-14)?
2
Let o(h) = 2*h**2 + 23*h + 18. What is o(-11)?
7
Let g(n) = 2*n**3 + 2*n**2 - n. Give g(-2).
-6
Let y(m) = m**3 + 6*m**2 + 3*m + 5. Determine y(-6).
-13
Let a(l) = 2*l + 20. Give a(14).
48
Let l(a) = -2*a**3 - 6*a**2 - 4*a - 1. What is l(-4)?
47
Let c(y) = -2*y - 16. What is c(-11)?
6
Let o(c) = c**3 + 6*c**2 + c - 1. Determine o(-4).
27
Let j(y) = y**2 + y - 5. Calculate j(-6).
25
Let s(j) = -j**3 + 47*j**2 + 46*j + 89. Calculate s(48).
-7
Let i(p) = -2*p**3 + 12*p**2 + 17*p. What is i(7)?
21
Let j(l) = 3*l**2 + 18*l - 2. Determine j(-6).
-2
Let d(u) = -11*u + 76. What is d(6)?
10
Let h(r) = -3*r - 17. What is h(0)?
-17
Let a(i) = i**3 - 11*i**2 + i - 7. What is a(11)?
4
Let r(a) = -2*a**3 - 57*a**2 + 92*a + 49. Determine r(-30).
-11
Let b(x) = 42*x + 429. What is b(-10)?
9
Let r(t) = t**2 - 14*t + 36. Determine r(11).
3
Let g(l) = l**3 - 30*l**2 + 30*l - 12. Determine g(29).
17
Let s(n) = 2*n**3 - 7*n**2 - 10*n + 5. Give s(4).
-19
Let t(s) = -3*s - 54. What is t(-18)?
0
Let g(m) = m**3 + 4*m**2 + 5*m + 49. Determine g(-5).
-1
Let k(c) = -c**2 - 15*c - 35. Calculate k(-12).
1
Let p(f) = 55*f + 538. Calculate p(-10).
-12
Let y(u) = -u**2 - 1. Give y(0).
-1
Let f(x) = -15*x + 355. Determine f(23).
10
Let h(r) = 2*r**2 + 9*r - 13. Determine h(-7).
22
Let z(r) = r**3 + 4*r**2 - r. Determine z(-4).
4
Let j(k) = -11*k - 4. What is j(2)?
-26
Let c(u) = u**3 - 2*u**2 - 17. Give c(0).
-17
Let r(x) = -36*x + 380. Calculate r(10).
20
Let y(j) = j**3 + 5*j**2 + 4. What is y(-5)?
4
Let o(x) = 3*x + 27. Determine o(-10).
-3
Let g(f) = f**3 - 8*f**2 + 10*f - 3. Determine g(7).
18
Let q(b) = b**3 - 14*b**2 - 48*b - 44. What is q(17)?
7
Let f(g) = g**2 - 17*g - 6. Give f(0).
-6
Let l(g) = 37*g + 34. Determine l(-1).
-3
Let d(u) = -21*u - 83. What is d(-4)?
1
Let g(z) = -z**3 + 7*z**2 - 4*z - 2. What is g(7)?
-30
Let f(d) = d**3 - 2*d**2 - 2*d + 4. What is f(-2)?
-8
Let l(z) = -z**2 + 5*z - 5. What is l(8)?
-29
Let c(a) = -4*a + 1. Give c(-3).
13
Let n(r) = r**3 + 6*r**2 + 12*r + 7. Calculate n(-3).
-2
Let c(f) = -10*f**2 - 4*f - 5. Determine c(-1).
-11
Let c(x) = x**2 - 13*x - 8. Give c(14).
6
Let t(f) = f**3 + 8*f**2 + 9*f - 7. What is t(-6)?
11
Let x(p) = -p + 5. Determine x(-12).
17
Let a(f) = 4*f - 50. Calculate a(12).
-2
Let u(c) = -c**3 - 37*c**2 - 69*c + 3. Give u(-35).
-32
Let n(w) = 8*w**2 - 8*w. Give n(2).
16
Let y(n) = 4*n + 1. What is y(2)?
9
Let r(v) = v**3 + 8*v**2 + 6*v - 5. Calculate r(-5).
40
Let m(z) = z + 19. What is m(-17)?
2
Let l(r) = -r**2 + 48*r - 536. Calculate l(30).
4
Let g(b) = -b**2 + b + 4. Calculate g(-7).
-52
Let g(y) = -2*y**2 - 83*y + 126. Calculate g(-43).
-3
Let t(f) = f**3 - 10*f**2 - f + 16. Calculate t(10).
6
Let n(m) = -16*m + 26. Calculate n(-4).
90
Let b(x) = 11*x**3 - 4*x**2 - 3*x + 6. Determine b(1).
10
Let m(v) = -13*v - 22. What is m(-6)?
56
Let n(j) = -3*j + 17. What is n(4)?
5
Let i(n) = -4*n + 122. Calculate i(30).
2
Let l(z) = -11*z**2 + 15*z + 3. What is l(4)?
-113
Let o(r) = -r**3 - 15*r**2 - 3*r - 12. Give o(-15).
33
Let s(l) = l**3 + 16*l**2 + 27*l - 9. Calculate s(-14).
5
Let a(g) = -g**2 + 86*g + 457. What is a(-5)?
2
Let u(a) = -2*a**2 + 27*a - 35. Determine u(12).
1
Let z(t) = t**2 + 14*t + 19. Determine z(-8).
-29
Let p(z) = z**3 + 11*z**2 - 26*z + 9. Give p(-13).
9
Let g(h) = -2*h - 32. Give g(30).
-92
Let s(f) = -f**2 - 42*f + 35. Calculate s(-43).
-8
Let t(m) = m**2 - 6*m + 6. Determine t(3).
-3
Let n(c) = -13*c + 98. What is n(11)?
-45
Let d(v) = v - 28. Calculate d(-8).
-36
Let f(d) = -6*d - 61. Calculate f(-9).
-7
Let m(s) = -3*s**2 - 14*s + 11. What is m(-5)?
6
Let k(a) = a + 11. Give k(5).
16
Let d(i) = -2*i**3 - i**2 + 5*i + 5. Give d(-2).
7
Let d(z) = -3*z + 11. What is d(-5)?
26
Let r(b) = 4*b + 10. Calculate r(-8).
-22
Let k(q) = -92*q + 92. Calculate k(1).
0
Let a(j) = j**2 - 12*j + 13. Give a(9).
-14
Let v(j) = -3*j - 64. Give v(-25).
11
Let x(l) = l**2 - 5*l + 3. What is x(5)?
3
Let y(a) = -14*a - 65. Give y(-5).
5
Let x(t) = 7*t**2 + t + 3. Determine x(2).
33
Let o(a) = -6*a + 324. What is o(54)?
0
Let r(x) = -x**2 - 2*x + 2. Give r(-3).
-1
Let v(n) = -n**2 - 15*n - 80. What is v(-8)?
-24
Let d(j) = -3*j**2 - 14*j - 11. Calculate d(-3).
4
Let u(d) = 2*d**3 -